digit of (-81)/(-15) + g/(-10)?
5
Suppose -5*g + 4*q = -203, 0 = -g - 2*q + 6*q + 31. What is the tens digit of g?
4
Suppose 0 = 2*i - 4*n - 54 - 68, -3*i + 233 = 4*n. What is the units digit of i?
1
Let q(u) = -u + 1. Let d be q(3). Let t = d + 2. Suppose -3*b + 15 + 3 = t. What is the units digit of b?
6
Suppose -5*d + 10 = -5. Let q be (-2)/(-5) - (-6)/(-15). Suppose -h - d + 4 = q. What is the units digit of h?
1
What is the tens digit of -4 - (-54 - (35/5 - 3))?
5
Let v(t) = -2*t - 4. Let g be v(-6). Suppose -r + g = 3*r. What is the units digit of -1 + 7 - (-4)/r?
8
Let w = 49 - 2. What is the tens digit of w?
4
Let m(f) = -5*f - 1. Suppose -3*u + k - 14 = 0, 2*u = -3*u + 4*k - 35. What is the tens digit of m(u)?
1
Let s = 15 + -5. What is the tens digit of ((-52)/s)/(6/(-15))?
1
Let g(q) = q**3 + 4*q**2 + 2*q + 3. Let n be g(-4). Let h = n - -29. What is the tens digit of h?
2
What is the tens digit of (1 + (-181)/5)/((-15)/75)?
7
Suppose 401 = 3*s + 5*a, -2*s - 3*a + 2*a + 258 = 0. Suppose -5*i = 3*n - 78, 3*n + n - s = i. What is the units digit of n?
1
Suppose -t = -3*t + 6. Suppose -65 + 20 = -t*r. Let v = 22 - r. What is the units digit of v?
7
Let s = 7 - 5. Suppose -s*l = -14 - 10. What is the units digit of l?
2
Let o(j) = 5*j + 1. Suppose 2 = -v + 2*v. Suppose v*t = 1 + 1. What is the units digit of o(t)?
6
Suppose f = -2*d - 1, -1 - 1 = -2*d - 2*f. Let z be 3*(12/9 + d). Let x = z + 8. What is the units digit of x?
6
Suppose 2*t - 55 = -2*d + d, 4*d - 136 = -5*t. Let g = t - 17. What is the units digit of g?
1
Let b = 16 + -10. Suppose 2*s = b*s. Suppose 4*h = -4*l + 32, s = h + h + 5*l - 25. What is the units digit of h?
5
Let r be (-2)/4 - (-225)/10. Suppose -r = -3*l + 32. What is the tens digit of l?
1
Let r = -1 - -1. Let j(h) = -2*h - 1. Let t be j(-3). Suppose -4*u - 4*o - 20 = -t*u, r = -5*u - 3*o + 31. What is the units digit of u?
8
Suppose -5*g + 2*g + 15 = 0. Suppose q + 23 = 5*u, q + 3*u - 4 = 13. Suppose -r = q - g. What is the units digit of r?
3
Let s(y) = y**3 + 6*y**2 + 4*y - 3. Let v(k) = k**3 + 5*k**2 + 5*k. Let b be v(-4). What is the tens digit of s(b)?
1
Suppose -18 = 2*a + 48. Suppose -i = -4*i - 1716. What is the tens digit of 2/(-6) + i/a?
1
Suppose 3*j + 8 + 7 = 0. Let k(v) = -v**3 - 6*v**2 - 4*v + 6. Let n be k(j). Let z(w) = 3*w**2 - w. What is the units digit of z(n)?
2
Let a = -6 - -4. Let b(v) = -v**3 - v**2. Let p be b(a). Suppose 0 = z - 5*z - 3*s + 5, -p*z - s + 15 = 0. What is the units digit of z?
5
Let s = 215 - 146. What is the units digit of s?
9
Suppose -3*b + 125 = 5*l, -109 = -3*b + l - 2*l. What is the tens digit of b?
3
Let v be 14/6 + (-8)/(-12). Suppose -68 = -v*t + 16. What is the units digit of t?
8
Let b(t) = -t**2 + t + 9. Let l be b(0). Let x be ((-160)/(-12))/(2/l). Suppose 5*g = -10 + x. What is the tens digit of g?
1
Suppose -3*x = 2*x - 15. Suppose y - x*y = 2. What is the units digit of y/1*-6*1?
6
Suppose -k + 45 = 2*l, 0*l = -5*l + 20. Let f = k - 9. What is the units digit of f?
8
Let m(w) = -w**3 - w**2 + w - 5. Let q be m(0). Let n(c) = -5 + c + 3 - 2*c. What is the units digit of n(q)?
3
What is the hundreds digit of (-2)/(-15) + (-3446)/(-30)?
1
Let z = -46 + 65. What is the tens digit of z?
1
Let f be -2 + (-3)/(-6)*-2. Let s be ((-10)/3)/(2/f). What is the units digit of (-2)/10 + 16/s?
3
Suppose -4*a + 0 = 12. What is the units digit of a*(-1)/((-12)/(-52))?
3
Let j = 4 - 0. Let p(u) be the second derivative of 5*u**3/6 - u**2 - 2*u. What is the tens digit of p(j)?
1
Suppose -c - 33 = -5*i + 4*i, -5*i - 3*c = -189. Suppose -p + 53 = -4*k - i, k = 4*p - 41. Let y = -13 - k. What is the units digit of y?
8
Let l = 124 + -45. What is the units digit of l?
9
Let f be -1*10 + 0 + 0. Let w = 16 + f. Suppose -q + 5*v + 20 = -w, 5*q - 18 = -3*v. What is the units digit of q?
6
Suppose 15 = -3*y - 5*a, y - 2*a - 6 = -4*y. Suppose 0 = 2*r - y*r. Suppose -11 - 7 = -5*p + 2*g, 3*p + 2*g + 2 = r. What is the units digit of p?
2
Let m = 188 + -109. What is the tens digit of m?
7
Let y(x) = -x**3 - 6*x**2 - x - 1. Let c be ((-4)/4)/(2/12). Let d be y(c). Suppose 0 = -d*j - 0 + 5. What is the units digit of j?
1
Let r = 194 - -83. What is the tens digit of r?
7
Let q(x) = -x + 8. Suppose 6*l + 3*i - 17 = l, -4*l - 3*i + 13 = 0. Let f be q(l). Let v = f + 3. What is the units digit of v?
7
Suppose 0*m - m + 19 = 0. Let z be (m/(-3))/(-1)*3. Suppose -z = -5*c + 16. What is the units digit of c?
7
Let t(c) = -c + 3. Let g be t(4). Let k be 505/10 - g/2. Suppose -x = b - 6, -4*b = -4*x - k + 11. What is the units digit of b?
8
Let g(o) = -23*o + 1. What is the tens digit of g(-1)?
2
Suppose 0 = p - 2*p + 95. Suppose 4*j = 17 + p. What is the units digit of j?
8
Suppose 0 = -d - 0*d - 22. Let g(y) = -6*y + 1. Let t be g(-5). Let i = t + d. What is the units digit of i?
9
Suppose 4*g - 2*u - u = 103, -4*g + 5*u + 97 = 0. Let q = g - 8. What is the units digit of q?
0
Suppose -a - 3*t = -13, -5*a - 5*t + 25 = -0*a. Let h be a - (0 - (-2 - -3)). Suppose 4*b - 20 = -3*n, 2*n - 5*b - 37 = -h*n. What is the units digit of n?
8
Let s(n) = -n - 2. Let m be s(-7). Suppose 1 - m = -2*h. Let k = h - -5. What is the units digit of k?
7
What is the units digit of 6/15 + 1449/15?
7
Let x = 23 + -24. What is the tens digit of (-1 - x) + (-192)/(-4)?
4
Suppose -4*k - k + 15 = -5*s, -2*k = 3*s + 9. What is the tens digit of -2 - -2 - (-12 - k)?
1
What is the units digit of ((-6)/4 + 1)*10/(-5)?
1
Let x = -9 + 11. Suppose 3*u - x*u = 0. Suppose -4*y + u*y + 80 = 0. What is the tens digit of y?
2
Let w(d) be the second derivative of d**4/12 - 4*d**3/3 - 5*d**2/2 - 3*d. What is the units digit of w(10)?
5
Suppose -4*g + 6 = -2*g. Suppose -z + 19 = 2*m, -g*m - 2 = -5*m. What is the tens digit of z?
1
Suppose -8*z = -823 - 105. What is the hundreds digit of z?
1
Suppose h - 2*h = -2. Let j(s) = s**3 - s**2 - s + 1. Let y be j(h). Suppose y*b = -2*b + 35. What is the units digit of b?
7
Let y = 1 - -99. What is the tens digit of y?
0
Suppose 0 = -3*l + 6, -2*r - 2*l = 2*l - 8. Suppose a + 14 = f + f, r = -5*f - 4*a + 22. What is the units digit of f?
6
What is the tens digit of (-3)/(0 + 1) + 90?
8
Suppose 0 = 2*p + 3*y + 2*y + 16, -4*p - y + 4 = 0. Let o(q) = 2 - 6 + 1 + p - 19*q. What is the units digit of o(-1)?
8
Suppose 419 - 121 = -2*g. Let h = -104 - g. What is the tens digit of h?
4
Let z be 3/(-2 - -5)*3. Suppose 5 = -h, 2*f + z*h - 20 = -3. What is the tens digit of f?
1
What is the tens digit of (15/12)/((-3)/(-108))?
4
Let m(o) = -o**3 + 6*o**2 - 4*o - 2. Let n be m(4). Let h(g) = -g**3 + 13*g**2 + 16*g. What is the units digit of h(n)?
8
Suppose 0 = q + 2*w + 2*w - 13, 4*q - 10 = 5*w. Let g(h) = 2*h - 7. Let l be g(q). What is the units digit of (2/4)/(l/12)?
2
Let o = 15 - 25. Let d be (o/(-6))/(2/(-6)). What is the tens digit of d*(0 + (-12)/5)?
1
Suppose 2*s = -2, 0*s - 5*s = 5*z - 20. Suppose z*y = 3*y + 6. What is the units digit of (-2)/6*y*-19?
9
Let s(b) = 4*b**2 - 2*b - 1. Let g(h) = h - 3. Let m be g(5). What is the units digit of s(m)?
1
Let z = 29 - -47. What is the tens digit of z?
7
Let x = -4 - -2. What is the tens digit of 400/28 + x/7?
1
Let b be -6 - -5 - -6*35. Suppose 5*w + 69 = b. Suppose -2*o + 7*o = 3*i + w, -17 = -4*o - 3*i. What is the units digit of o?
5
Let f(p) = p - 3. Let n(t) = 1. Let z(j) = f(j) - 4*n(j). Suppose -8 = -h + k, 3*k + k = -h + 23. What is the units digit of z(h)?
4
Suppose u + 4*m + 7 = 51, m - 182 = -5*u. What is the tens digit of u?
3
Suppose -4*r = -2*i - 38, -4*i - 5 = r - 1. Let j = r + -1. What is the units digit of j?
7
Let a(i) = -i**2 + 2*i + 2. Let g be a(-3). Let k = -8 - g. Suppose 4*q = -k*l - 13 - 8, -q = -3*l - 16. What is the units digit of q?
1
Suppose 0*q = 5*q - 2*h - 35, -3*q + 12 = -3*h. What is the units digit of q?
9
Let j = -4 + 6. Suppose 0 = -2*n - j*h + 6, -3*n + 30 = -4*h - 0*h. Let d = n + -3. What is the units digit of d?
3
Let y = 5 + -1. Let p be (-25)/(-1) - (y + -4). Suppose 4*c - 7 = p. What is the units digit of c?
8
What is the tens digit of 5/(5/12) - -3?
1
What is the hundreds digit of (-1*(-6)/(-9))/((-12)/2466)?
1
Let t(w) = -w**3 + w**2 + w. Let s(v) = -7*v**3 + 5*v**2 + 9*v - 3. Let y be (4/(-3) + 1